{"id":127,"date":"2023-03-29T12:47:58","date_gmt":"2023-03-29T12:47:58","guid":{"rendered":"https:\/\/transatlantikerinnen.de\/?page_id=127"},"modified":"2025-10-21T08:49:35","modified_gmt":"2025-10-21T08:49:35","slug":"mitmachen","status":"publish","type":"page","link":"https:\/\/transatlantikerinnen.de\/?page_id=127","title":{"rendered":"Mitmachen!"},"content":{"rendered":"\n<h2 class=\"wp-block-heading has-large-font-size\">Wie kannst Du Dich bei den Gr\u00fcnen Transatlantiker:innen engagieren? <\/h2>\n\n\n\n<p class=\"has-large-font-size\">Wenn Du Dich auch f\u00fcr die transatlantischen Beziehungen bei den Gr\u00fcnen einsetzen m\u00f6chtest oder Dich f\u00fcr die Themen des transatlantischen Raumes interessierst, freuen wir uns \u00fcber Dein Engagement. <\/p>\n\n\n\n<p class=\"has-large-font-size\">Schau doch gerne bei den Websites unserer Arbeitsgemeinschaften im Kreisverband <a href=\"https:\/\/gruene-mitte.de\/arbeitsgemeinschaften\/ag-transatlantikerinnen\">Berlin-Mitte<\/a> oder in <a href=\"https:\/\/gruene-leipzig.de\/partei\/arbeitsgemeinschaften\/ag-transatlantikerinnen\/\">Leipzig<\/a> vorbei, dort findest du weitere Infos, wie du dich vor Ort engagieren kannst. <\/p>\n\n\n\n<p class=\"has-large-font-size\">Auch wenn du nicht in Berlin-Mitte oder in Leipzig wohnhaft bist, kannst Du: <\/p>\n\n\n\n<ul class=\"wp-block-list\">\n<li class=\"has-large-font-size\">unserer Signal-Gruppe beitreten, <\/li>\n\n\n\n<li class=\"has-large-font-size\">zu unseren Treffen kommen,<\/li>\n\n\n\n<li class=\"has-large-font-size\">auf diesen Treffen spannende Vortr\u00e4ge zu transatlantischen Themen h\u00f6ren, welche unsere Mitglieder vorbereiten \u2013 oder auch selbst einen solchen halten,<\/li>\n\n\n\n<li class=\"has-large-font-size\">Deine Ideen f\u00fcr Veranstaltungen und Projekte einbringen,<\/li>\n\n\n\n<li class=\"has-large-font-size\">an unseren Antr\u00e4gen mitschreiben, <\/li>\n\n\n\n<li class=\"has-large-font-size\">unsere Pr\u00e4senz in der \u00d6ffentlichkeit mitgestalten.<\/li>\n<\/ul>\n\n\n\n<p class=\"has-large-font-size\">Klingt gut, oder?  Alles was Du daf\u00fcr tun musst, ist eine Mail zu schreiben an ferdinand.moors@gruene-leipzig.de, zu unseren AG&#8217;s Kontakt aufzunehmen oder zu einem unserer Treffen zu kommen. <\/p>\n\n\n\n<p class=\"has-large-font-size\">Wir freuen uns auf Dich! <\/p>\n","protected":false},"excerpt":{"rendered":"<p>Wie kannst Du Dich bei den Gr\u00fcnen Transatlantiker:innen engagieren? Wenn Du Dich auch f\u00fcr die transatlantischen Beziehungen bei den Gr\u00fcnen einsetzen m\u00f6chtest oder Dich f\u00fcr &hellip;<\/p>\n","protected":false},"author":3,"featured_media":0,"parent":0,"menu_order":0,"comment_status":"closed","ping_status":"closed","template":"","meta":{"_mc_calendar":[],"footnotes":""},"class_list":["post-127","page","type-page","status-publish","hentry"],"_links":{"self":[{"href":"https:\/\/transatlantikerinnen.de\/index.php?rest_route=\/wp\/v2\/pages\/127","targetHints":{"allow":["GET"]}}],"collection":[{"href":"https:\/\/transatlantikerinnen.de\/index.php?rest_route=\/wp\/v2\/pages"}],"about":[{"href":"https:\/\/transatlantikerinnen.de\/index.php?rest_route=\/wp\/v2\/types\/page"}],"author":[{"embeddable":true,"href":"https:\/\/transatlantikerinnen.de\/index.php?rest_route=\/wp\/v2\/users\/3"}],"replies":[{"embeddable":true,"href":"https:\/\/transatlantikerinnen.de\/index.php?rest_route=%2Fwp%2Fv2%2Fcomments&post=127"}],"version-history":[{"count":15,"href":"https:\/\/transatlantikerinnen.de\/index.php?rest_route=\/wp\/v2\/pages\/127\/revisions"}],"predecessor-version":[{"id":324,"href":"https:\/\/transatlantikerinnen.de\/index.php?rest_route=\/wp\/v2\/pages\/127\/revisions\/324"}],"wp:attachment":[{"href":"https:\/\/transatlantikerinnen.de\/index.php?rest_route=%2Fwp%2Fv2%2Fmedia&parent=127"}],"curies":[{"name":"wp","href":"https:\/\/api.w.org\/{rel}","templated":true}]}}

<h2 class="wp-block-heading has-large-font-size">Wie kannst Du Dich bei den Grünen Transatlantiker:innen engagieren? </h2>



<p class="has-large-font-size">Wenn Du Dich auch für die transatlantischen Beziehungen bei den Grünen einsetzen möchtest oder Dich für die Themen des transatlantischen Raumes interessierst, freuen wir uns über Dein Engagement. </p>



<p class="has-large-font-size">Schau doch gerne bei den Websites unserer Arbeitsgemeinschaften im Kreisverband <a href="https://gruene-mitte.de/arbeitsgemeinschaften/ag-transatlantikerinnen">Berlin-Mitte</a> oder in <a href="https://gruene-leipzig.de/partei/arbeitsgemeinschaften/ag-transatlantikerinnen/">Leipzig</a> vorbei, dort findest du weitere Infos, wie du dich vor Ort engagieren kannst. </p>



<p class="has-large-font-size">Auch wenn du nicht in Berlin-Mitte oder in Leipzig wohnhaft bist, kannst Du: </p>



<ul class="wp-block-list">
<li class="has-large-font-size">unserer Signal-Gruppe beitreten, </li>



<li class="has-large-font-size">zu unseren Treffen kommen,</li>



<li class="has-large-font-size">auf diesen Treffen spannende Vorträge zu transatlantischen Themen hören, welche unsere Mitglieder vorbereiten – oder auch selbst einen solchen halten,</li>



<li class="has-large-font-size">Deine Ideen für Veranstaltungen und Projekte einbringen,</li>



<li class="has-large-font-size">an unseren Anträgen mitschreiben, </li>



<li class="has-large-font-size">unsere Präsenz in der Öffentlichkeit mitgestalten.</li>
</ul>



<p class="has-large-font-size">Klingt gut, oder?  Alles was Du dafür tun musst, ist eine Mail zu schreiben an ferdinand.moors@gruene-leipzig.de, zu unseren AG&#8217;s Kontakt aufzunehmen oder zu einem unserer Treffen zu kommen. </p>



<p class="has-large-font-size">Wir freuen uns auf Dich! </p>

<p>Wie kannst Du Dich bei den Grünen Transatlantiker:innen engagieren? Wenn Du Dich auch für die transatlantischen Beziehungen bei den Grünen einsetzen möchtest oder Dich für &hellip;</p>
